{"id":9258,"date":"2025-09-09T08:41:26","date_gmt":"2025-09-09T08:41:26","guid":{"rendered":"https:\/\/www.whiterabbit.es\/miembro\/javier-de-agustin-valdes\/"},"modified":"2025-10-01T15:07:32","modified_gmt":"2025-10-01T15:07:32","slug":"javier-de-agustin-valdes","status":"publish","type":"miembro","link":"https:\/\/www.whiterabbit.es\/pt-pt\/miembro\/javier-de-agustin-valdes\/","title":{"rendered":"Javier de Agust\u00edn Vald\u00e9s"},"content":{"rendered":"\n<p>Executivo de Contas S\u00e9nior e Coordenador da \u00c1rea Imobili\u00e1ria da The White Rabbit. Mais de 10 anos de experi\u00eancia no setor de Comunica\u00e7\u00e3o e RP. Atitude, criatividade e ideias.   <em>&#8220;Render-se \u00e9 decidir ser um mero espectador.&#8221;<\/em><\/p>\n","protected":false},"template":"","class_list":["post-9258","miembro","type-miembro","status-publish","hentry"],"acf":[],"_links":{"self":[{"href":"https:\/\/www.whiterabbit.es\/pt-pt\/wp-json\/wp\/v2\/miembro\/9258","targetHints":{"allow":["GET"]}}],"collection":[{"href":"https:\/\/www.whiterabbit.es\/pt-pt\/wp-json\/wp\/v2\/miembro"}],"about":[{"href":"https:\/\/www.whiterabbit.es\/pt-pt\/wp-json\/wp\/v2\/types\/miembro"}],"wp:attachment":[{"href":"https:\/\/www.whiterabbit.es\/pt-pt\/wp-json\/wp\/v2\/media?parent=9258"}],"curies":[{"name":"wp","href":"https:\/\/api.w.org\/{rel}","templated":true}]}}

Javier de Agustín Valdés

<p>Executivo de Contas Sénior e Coordenador da Área Imobiliária da The White Rabbit. Mais de 10 anos de experiência no setor de Comunicação e RP. Atitude, criatividade e ideias.   <em>&#8220;Render-se é decidir ser um mero espectador.&#8221;</em></p>
